/(-9) + 20/(-6) + 3. Let p be (-2 + (-72)/t)*(3 - -2). Is ((-10)/(-15))/((p/(-6879))/(-1)) prime?
True
Let u = -3376 + 46749. Is u a prime number?
False
Let g(y) = 3*y**2 + y - 2. Let c be g(-1). Suppose -f = 4*f + 3*l - 5042, c = -3*f + l + 3028. Is f a prime number?
True
Let d = 9660 - 2489. Is d a composite number?
True
Let w(j) = j**3 - 29*j**2 + 78*j + 12. Let g be w(26). Is ((-90)/g - -7)*-4366 a prime number?
False
Let v be (-2)/(-11) + (1124403/33 - -1). Suppose -101657 = -19*d - v. Is d prime?
True
Let w(n) = 6*n**2 - 12*n - 50. Let t(j) = 5*j**2 - 13*j - 51. Let u(z) = 5*t(z) - 4*w(z). Is u(28) composite?
True
Let w(q) = 2113*q**2 + 4*q + 6. Let h be w(3). Suppose r + c = h, -20*r + 5*c - 19051 = -21*r. Is r composite?
False
Suppose 6*h + 175 = 37. Let z = h - -14. Let n(k) = -k**3 + 14*k**2 + 11*k - 3. Is n(z) a composite number?
True
Let i = -170 + 176. Suppose 0 = i*y - 16*y + 96550. Is y composite?
True
Is 133075 - (-5 + 27/3) a prime number?
False
Let a be 12/(-21) - (0 + (-20842)/(-7)). Let d = 4689 + a. Is d prime?
False
Let n(i) = -8*i - 36. Let x be n(-5). Suppose -6400 = -x*r - r + 3*q, 0 = r + 5*q - 1308. Is r a composite number?
False
Let y = -4375478 + 6250101. Is y a prime number?
True
Let w(x) = 11*x**2 + 96*x + 47. Let d be w(-30). Let l = d - -11436. Is l prime?
True
Suppose -19*r = -11*r + 10760. Let i = 4156 + r. Is i prime?
False
Let z(m) = m**2 + m. Let o(c) = -2*c**2 - 7*c - 6. Let f(l) = -o(l) - z(l). Let y be f(-4). Is (2 - 1)/(5/(-15590)*y) a prime number?
True
Suppose -3*k = 3*a - 108, -25*a - 2*k = -24*a - 40. Let n(h) = 2*h**2 - 31. Is n(a) composite?
False
Let l = -18447 - -93124. Is l composite?
True
Suppose 9*o = 40 - 58. Is o/(-2) + 2 - (-5841 + -3) composite?
True
Let x(l) = l**3 + 38*l**2 + 24*l + 8. Let d = 265 - 282. Is x(d) composite?
False
Suppose 0 = 20*i - 891876 - 699544. Is i composite?
True
Let q(f) = -6*f**3 + 3*f**2 - 5*f + 15. Suppose 2*a = 2*b - 18, -4*b = 4*a - 0*b + 4. Is q(a) prime?
False
Suppose -4*t + m + 390872 = 91082, -5*t - 5*m + 374725 = 0. Is t a composite number?
True
Let t(y) = -283*y - 276. Let a be t(40). Is a/(-65)*(-3)/6*-5 a prime number?
False
Suppose -2*s = 8, -4356 = k - 2*s - 24565. Is k a prime number?
True
Let g = 171 - 172. Is 0/(g/(-1)) + 4381 a composite number?
True
Let t = 92 + -88. Suppose t*z + 2*v - 5756 = 0, -17*z + 2866 = -15*z + 4*v. Is z a prime number?
False
Let q = -619416 - -985573. Suppose -24*k - q = -35*k. Is k prime?
True
Let s(z) = 34*z**2 - 19*z + 5. Suppose -4 = h - 3, -219 = 4*d + 3*h. Let m = -48 - d. Is s(m) composite?
True
Let w be 4*(3/6 + (-18)/(-24)). Suppose 3*h = n + 63172, 23*h - 18*h + w*n = 105320. Is h a prime number?
True
Let w(g) = -g**3 - g. Let c(v) = -7*v**3 + 5*v**2 - 6*v + 5. Let x(b) = -c(b) + 6*w(b). Let y be x(4). Let t(z) = -9*z + 2. Is t(y) composite?
False
Suppose 3*x + 5*x = 48. Suppose 19*s = -x*s + 223075. Is s a prime number?
True
Let n = -2197 + 16412. Suppose 0*o - n = -5*o. Is o a prime number?
True
Let u = -13295 + 34002. Is u a composite number?
False
Let a = 166 + -231. Is (-641589)/a + (-2)/(-5) composite?
False
Let a be 9/6*(-24)/(-18). Suppose -5*s = -d + 144, 206 = a*d - s - 91. Is d prime?
True
Let t be 1/(-2) - 1*103/2. Let n = 52 + t. Suppose n = -0*b - 10*b + 13930. Is b prime?
False
Let m be (((-58)/4)/(3/6))/(-1). Let v(k) = -k**2 + 53*k - 65. Is v(m) prime?
True
Is 3623*-1*(-17)/1 a composite number?
True
Suppose -48*y + 856581 + 436395 = 0. Suppose -3*u = 4*l - 82583, 0 = -5*u - l + y + 110724. Is u composite?
True
Let q(f) = 54 - 24*f - 165*f**2 + 111*f**2 + 680*f**2 + 44 + 25. Is q(5) a composite number?
True
Let h = -53 + 49. Is (-1754)/(-5)*(-10)/h a composite number?
False
Let c(m) = 3 + 365*m**3 + 84*m - 175*m + 2*m**2 + 85*m + 2*m**2. Is c(2) a prime number?
True
Let i be (-1)/2*(-11 + 11). Suppose i = -6*x + 6422 + 6334. Is x composite?
True
Suppose 3*n - 5*w - 1101458 = 0, n + 734337 = 3*n + 3*w. Is n a prime number?
False
Suppose 133*s - 1411806 = 127*s. Is s a prime number?
False
Let w(f) = -2720*f - 7249. Is w(-36) a composite number?
True
Suppose 0 = 5*q + y - 6, 0*q + 3*q + 4*y + 10 = 0. Suppose 6983 = 5*c + 2*u, 986 + 1811 = q*c - 3*u. Is c a composite number?
True
Let y(z) = z**3 - 28*z**2 + 117*z + 237. Is y(45) a prime number?
False
Let c(k) = 1156*k**2 + 233*k - 911. Is c(4) a prime number?
True
Let f be -18*((-57)/(-4))/(6/28). Is -4*1 - f*(4 + 1) a composite number?
False
Let b(y) = -565*y**3 - 2*y**2 + 19*y - 27. Is b(-5) a prime number?
False
Suppose 8095*w + 55813017 = 8134*w. Is w prime?
False
Suppose 17*z - 463 = 163536. Is z a prime number?
False
Let f be (-5)/3*2*(-3)/2. Suppose -f*u = -4*p - 731, -127 = u - 2*u - 4*p. Suppose -2*h = 2*y - 150, u = 4*h + 3*y - 156. Is h composite?
True
Suppose -7*x + 255 = -2*x. Suppose -2*t + 27 = m, -5*t + t - m + x = 0. Suppose j - f = 502, 2*f + 2*f = t. Is j a prime number?
False
Suppose 0 = -k - 80 - 25. Let s = k - -155. Suppose 3*o - 1688 = -n, -2*n + s = -3*o - 3317. Is n composite?
True
Let z be ((-198)/(-21) - (-9)/(-21))/((-18)/(-30)). Suppose -5*l = -l - 12. Suppose 0 = -4*v - 0*a - a + 4487, -l*a - z = 0. Is v composite?
False
Suppose -22*s + 5*t - 22887 = -23*s, 5*t + 91498 = 4*s. Is s a prime number?
True
Let w(s) = 20859*s**2 - 5*s + 13. Let x be w(2). Suppose 4*t + 3*f - 5199 = 106052, -2*f + x = 3*t. Is t prime?
False
Let l(m) = -9165*m + 1853. Is l(-10) composite?
False
Suppose 395752 - 1293124 = -27*l. Suppose 4*i + 9488 = b + 1179, -4*b + 4*i + l = 0. Is b a prime number?
False
Suppose -17853551 = 622*v - 653*v. Is v composite?
False
Let t be 4*12/16 + (-15)/(-1). Suppose 9*w + 11835 = t*w. Is w a composite number?
True
Let k be (53/3)/((2 + -14)/30852). Let g = 87264 + k. Is g a prime number?
True
Suppose -4*c = -83*h + 85*h - 328798, -c + 657645 = 4*h. Is h a prime number?
True
Let q(a) be the second derivative of a**4/6 + 2*a**3/3 + 7*a**2/2 + 9*a. Is q(-6) prime?
False
Let z be (-5)/(90/(-12))*(130 + -1). Let n(o) = 13*o - 35*o - z*o**3 + 9*o + 1 - o**2 + 15*o. Is n(-2) a composite number?
True
Let q(i) = -6*i**3 + 18*i**2 - 14*i - 31. Let t(j) = 5*j**3 - 13*j**2 + 13*j + 30. Let z(x) = 6*q(x) + 7*t(x). Let r = 18 + -1. Is z(r) composite?
True
Suppose -17*k + 470820 = 4*h - 13*k, -8 = -2*k. Is h a prime number?
True
Suppose -6 = 14*y + 22. Is 28047/((-4 - y)*9/(-6)) composite?
False
Suppose 9*o + 4*s - 15965163 = 0, 4*o + 5*s = 4462260 + 2633368. Is o composite?
False
Suppose 5*x - 23 = m, 3*m - 10 = -2*m. Suppose -127 = -x*g + 38. Is g composite?
True
Suppose 0 = 2*y - 2 + 8. Is y - (82 - 2)*(-1078)/35 a composite number?
True
Let x(b) = -b**2. Let y(c) = 438*c**2 + c - 5. Let n(h) = 4*x(h) + y(h). Is n(2) a composite number?
False
Suppose -3*j + 20 = 2*y, -5 + 1 = -2*j. Suppose 5*v - 198 = 4*d, -v + 2*d - y*d + 28 = 0. Is v a composite number?
True
Let d(w) = 24*w + 78. Let q be d(2). Suppose -49079 = 125*j - q*j. Is j a prime number?
False
Let p(i) be the third derivative of 43*i**5/30 + 13*i**3/6 - 17*i**2. Let h = -41 + 38. Is p(h) a prime number?
True
Is (-2)/(8/(-169358))*1488/2604 prime?
False
Let p(z) = -z**2 + 9*z + 52. Let x be p(13). Suppose 11*m - 21*m + 11510 = x. Is m a prime number?
True
Let u(k) = 3*k**2 - 10*k + 19. Let l(j) = -10*j**2 - 7*j + 1. Let c be l(-3). Let t be -9 - 51/c*4/(-3). Is u(t) a composite number?
False
Let c be (-78)/(-18) - 6/(-9). Let b be (-3 - 25/c)/2. Is (-5 + -309)/(b/6) prime?
False
Suppose 0 = -u - 4*u + 2235. Suppose 134 - u = -2*t + 5*p, 4*t = 3*p + 619. Let n = t + 747. Is n a prime number?
False
Is -1*(-194336 + (-19 - -16)) composite?
True
Suppose 0 = 16*d - 21*d + 100. Let z be (-5)/15 - d/(-6). Suppose 4*b - 1212 = z*b + p, -2*p = -4*b + 4846. Is b a composite number?
True
Let i(q) = -16 - 6 - 7*q**2 - 1 + 7*q. Let f be i(4). Let h = f + 133. Is h composite?
True
Suppose a = -15*a - 33536. Let p be (291*1)/((-5)/25). Let b = p - a. Is b a composite number?
False
Let c(t) = 9295*t + 98. Is c(3) prime?
True
Let c(w) = -w**3 + 6*w**2 + 28*w - 5. Let q = -181 - -171. Is c(q) a composite number?
True
Let q be (-4)/6 + (-31926)/9 + 0. Let f = -1008 - q. Suppose -2*k - 8*k = -f. Is k prime?
False
Suppose -4*n + 10923 = -5*d, 4*d + 8724 = n - 5*n. Let z = d - 